53, 33023
What are the prime factors of 2380150?
2, 5, 181, 263
What are the prime factors of 14404711?
53, 271787
What are the prime factors of 21068?
2, 23, 229
What are the prime factors of 16622?
2, 8311
List the prime factors of 122079.
3, 40693
What are the prime factors of 367742?
2, 183871
List the prime factors of 798724.
2, 233, 857
What are the prime factors of 4317021?
3, 367, 1307
What are the prime factors of 3051997?
13, 234769
List the prime factors of 614052.
2, 3, 37, 461
What are the prime factors of 228140?
2, 5, 11, 17, 61
List the prime factors of 164988.
2, 3, 4583
List the prime factors of 428409.
3, 41, 43
What are the prime factors of 419519?
103, 4073
What are the prime factors of 1445586?
2, 3, 197, 1223
What are the prime factors of 7822399?
13, 683, 881
List the prime factors of 339900.
2, 3, 5, 11, 103
What are the prime factors of 32588?
2, 8147
List the prime factors of 2719114.
2, 109, 12473
List the prime factors of 3108367.
3108367
What are the prime factors of 99047?
13, 19, 401
List the prime factors of 1049466.
2, 3, 11, 15901
What are the prime factors of 2109255?
3, 5, 140617
List the prime factors of 12960349.
1291, 10039
List the prime factors of 7271.
11, 661
List the prime factors of 603068.
2, 150767
What are the prime factors of 2608823?
7, 372689
List the prime factors of 1187869.
29, 40961
List the prime factors of 4182115.
5, 7, 119489
List the prime factors of 1648981.
277, 5953
List the prime factors of 3829635.
3, 5, 85103
List the prime factors of 37397.
37397
What are the prime factors of 642045?
3, 5, 23, 1861
List the prime factors of 271649.
7, 151, 257
What are the prime factors of 45989?
45989
List the prime factors of 433132.
2, 7, 31, 499
List the prime factors of 46916.
2, 37, 317
What are the prime factors of 1884690?
2, 3, 5, 43, 487
What are the prime factors of 560404?
2, 13, 829
List the prime factors of 209761.
47, 4463
What are the prime factors of 8061?
3, 2687
What are the prime factors of 579985?
5, 7, 73, 227
List the prime factors of 763342.
2, 59, 6469
What are the prime factors of 1301801?
61, 21341
List the prime factors of 767822.
2, 11, 17, 2053
List the prime factors of 591389.
107, 5527
List the prime factors of 2689117.
83, 179, 181
List the prime factors of 137831.
137831
List the prime factors of 1134460.
2, 5, 131, 433
What are the prime factors of 531487?
11, 19, 2543
What are the prime factors of 383331?
3, 13, 9829
What are the prime factors of 21666103?
29, 747107
List the prime factors of 10604691.
3, 29, 41, 991
List the prime factors of 10621901.
461, 23041
List the prime factors of 15356508.
2, 3, 17, 75277
List the prime factors of 817330.
2, 5, 37, 47
List the prime factors of 11164408.
2, 1395551
What are the prime factors of 3912159?
3, 17, 79, 971
List the prime factors of 203461.
203461
List the prime factors of 464837.
71, 6547
What are the prime factors of 534159?
3, 59351
List the prime factors of 189801.
3, 21089
What are the prime factors of 649200?
2, 3, 5, 541
List the prime factors of 13554253.
17, 797309
What are the prime factors of 1738612?
2, 53, 59, 139
What are the prime factors of 1701909?
3, 11, 17191
List the prime factors of 154371.
3, 7, 7351
List the prime factors of 3341715.
3, 5, 13, 17137
What are the prime factors of 2121901?
19, 29, 3851
List the prime factors of 2752936.
2, 344117
List the prime factors of 1079642.
2, 193, 2797
What are the prime factors of 4785586?
2, 13, 103, 1787
List the prime factors of 5645707.
71, 131, 607
List the prime factors of 18623755.
5, 17, 219103
List the prime factors of 3371052.
2, 3, 280921
List the prime factors of 1743373.
1013, 1721
What are the prime factors of 1427277?
3, 475759
List the prime factors of 710392.
2, 88799
What are the prime factors of 12062263?
587, 20549
What are the prime factors of 350794?
2, 43, 4079
List the prime factors of 2909846.
2, 31, 46933
What are the prime factors of 2550411?
3, 251, 1129
List the prime factors of 212306.
2, 19, 37, 151
What are the prime factors of 17354639?
17354639
List the prime factors of 1504728.
2, 3, 20899
What are the prime factors of 443462?
2, 17, 13043
What are the prime factors of 246990?
2, 3, 5, 8233
List the prime factors of 485149.
7, 9901
List the prime factors of 1647468.
2, 3, 45763
What are the prime factors of 18422484?
2, 3, 79, 19433
List the prime factors of 729055.
5, 139, 1049
What are the prime factors of 38519?
13, 2963
What are the prime factors of 10876402?
2, 419, 12979
What are the prime factors of 3262303?
11, 157, 1889
What are the prime factors of 9816897?
3, 101, 179, 181
List the prime factors of 6627237.
3, 2209079
List the prime factors of 582306.
2, 3, 37, 43, 61
What are the prime factors of 315555?
3, 5, 109, 193
List the prime factors of 71411.
71411
What are the prime factors of 128365?
5, 25673
What are the prime factors of 3817?
11, 347
List the prime factors of 11030885.
5, 31, 71167
List the prime factors of 142660.
2, 5, 7, 1019
What are the prime factors of 179613?
3, 7, 2851
List the prime factors of 2648117.
883, 2999
List the prime factors of 1937854.
2, 179, 5413
What are the prime factors of 486126?
2, 3, 113, 239
List the prime factors of 2140657.
17, 125921
What are the prime factors of 7651252?
2, 7, 103, 379
List the prime factors of 143532.
2, 3, 443
List the prime factors of 108531.
3, 31, 389
What are the prime factors of 420272?
2, 26267
What are the prime factors of 2345299?
11, 213209
List the prime factors of 513904.
2, 32119
What are the prime factors of 403905?
3, 5, 26927
What are the prime factors of 15066119?
103, 146273
List the prime factors of 18268041.
3, 11, 241, 2297
List the prime factors of 14358646.
2, 43, 199, 839
What are the prime factors of 27288621?
3, 17, 59, 3023
List the prime factors of 3050447.
3050447
What are the prime factors of 90597?
3, 13, 23, 101
List the prime factors of 7354652.
2, 1187, 1549
What are the prime factors of 1132031?
137, 8263
What are the prime factors of 1669484?
2, 417371
List the prime factors of 23484050.
2, 5, 31, 109, 139
What are the prime factors of 1467084?
2, 3, 179, 683
List the prime factors of 673421.
7, 17, 5659
What are the prime factors of 813554?
2, 7, 58111
What are the prime factors of 222231?
3, 74077
What are the prime factors of 836238?
2, 3, 13, 71, 151
What are the prime factors of 65974?
2, 32987
What are the prime factors of 7486154?
2, 13, 17, 16937
What are the prime factors of 1779227?
1779227
List the prime factors of 5881959.
3, 257, 2543
List the prime factors of 3089466.
2, 3, 171637
List the prime factors of 13268154.
2, 3, 2211359
What are the prime factors of 5320367?
13, 409259
What are the prime factors of 490676?
2, 241, 509
List the prime factors of 503834.
2, 251917
List the prime factors of 4306389.
3, 17, 4967
List the prime factors of 3083010.
2, 3, 5, 7, 53, 277
List the prime factors of 3413647.
167, 20441
What are the prime factors of 2351218?
2, 107, 10987
List the prime factors of 868611.
3, 139, 2083
What are the prime factors of 15981344?
2, 157, 3181
What are the prime factors of 1009074?
2, 3, 11, 15289
List the prime factors of 817742.
2, 23, 29, 613
List the prime factors of 17261963.
43, 61, 6581
List the prime factors of 89470.
2, 5, 23, 389
List the prime factors of 11910764.
2, 29, 102679
What are the prime factors of 508475?
5, 11, 43
List the prime factors of 1730605.
5, 89, 3889
What are the prime factors of 1661503?
1661503
List the prime factors of 166230.
2, 3, 5, 1847
List the prime factors of 4844822.
2, 2422411
List the prime factors of 29632712.
2, 1753, 2113
What are the prime factors of 1460300?
2, 5, 17, 859
What are the prime factors of 811?
811
What are the prime factors of 8481716?
2, 2120429
What are the prime factors of 152756?
2, 38189
What are the prime factors of 333452?
2, 7, 11909
List the prime factors of 1517892.
2, 3, 126491
List the prime factors of 926152.
2, 115769
List the prime factors of 14940871.
11, 103, 13187
What are the prime factors of 309044?
2, 77261
What are the prime factors of 1596524?
2, 399131
What are the prime factors of 40945282?
2, 7, 17, 3511
What are the prime factors of 7872034?
2, 79, 49823
What are the pr